{"id":40,"date":"2022-03-16T16:14:05","date_gmt":"2022-03-16T15:14:05","guid":{"rendered":"https:\/\/dev.wp-samaritain.io\/ares\/?page_id=40"},"modified":"2022-10-18T14:41:09","modified_gmt":"2022-10-18T12:41:09","slug":"devis-gratuit","status":"publish","type":"page","link":"https:\/\/www.cloture-ares.fr\/pro\/devis-gratuit\/","title":{"rendered":"Devis gratuit"},"content":{"rendered":"\n<div class=\"wp-block-group container container-form\"><div class=\"wp-block-group__inner-container is-layout-flow wp-block-group-is-layout-flow\"><form class=\"af-form acf-form\" method=\"POST\" action=\"https:\/\/www.cloture-ares.fr\/pro\/wp-json\/wp\/v2\/pages\/40\" id=\"form_627a77dd80462\" data-key=\"form_627a77dd80462\"><div class=\"af-fields acf-fields acf-form-fields -top\">\t<div id=\"acf-form-data\" class=\"acf-hidden\">\n\t\t<input type=\"hidden\" id=\"_acf_screen\" name=\"_acf_screen\" value=\"acf_form\"\/><input type=\"hidden\" id=\"_acf_post_id\" name=\"_acf_post_id\" value=\"0\"\/><input type=\"hidden\" id=\"_acf_validation\" name=\"_acf_validation\" value=\"1\"\/><input type=\"hidden\" id=\"_acf_form\" name=\"_acf_form\" value=\"0\"\/><input type=\"hidden\" id=\"_acf_nonce\" name=\"_acf_nonce\" value=\"b7992258d2\"\/><input type=\"hidden\" id=\"_acf_changed\" name=\"_acf_changed\" value=\"0\"\/>\t<\/div>\n\t<div class=\"acf-hidden\"><input type=\"hidden\" name=\"_acfnonce\" value=\"3641dc4a23\"><input type=\"hidden\" name=\"nonce\" value=\"3641dc4a23\"><input type=\"hidden\" name=\"af_form\" value=\"form_627a77dd80462\"><input type=\"hidden\" name=\"af_form_args\" value=\"eyJhamF4IjpmYWxzZSwiZGlzcGxheV90aXRsZSI6ZmFsc2UsImRpc3BsYXlfZGVzY3JpcHRpb24iOmZhbHNlLCJpZCI6ImZvcm1fNjI3YTc3ZGQ4MDQ2MiIsInZhbHVlcyI6W10sInN1Ym1pdF90ZXh0IjoiRW52b3llciIsInJlZGlyZWN0IjpudWxsLCJ0YXJnZXQiOiJodHRwczpcL1wvd3d3LmNsb3R1cmUtYXJlcy5mclwvcHJvXC93cC1qc29uXC93cFwvdjJcL3BhZ2VzXC80MCIsImVjaG8iOnRydWUsImV4Y2x1ZGVfZmllbGRzIjpbXSwidXBsb2FkZXIiOiJ3cCIsImZpbHRlcl9tb2RlIjpmYWxzZSwibGFiZWxfcGxhY2VtZW50IjoidG9wIiwiaW5zdHJ1Y3Rpb25fcGxhY2VtZW50IjoibGFiZWwiLCJob25leXBvdCI6dHJ1ZX0=\"><input type=\"hidden\" name=\"_acf_form\" value=\"eyJhamF4IjpmYWxzZSwiZGlzcGxheV90aXRsZSI6ZmFsc2UsImRpc3BsYXlfZGVzY3JpcHRpb24iOmZhbHNlLCJpZCI6ImZvcm1fNjI3YTc3ZGQ4MDQ2MiIsInZhbHVlcyI6W10sInN1Ym1pdF90ZXh0IjoiRW52b3llciIsInJlZGlyZWN0IjpudWxsLCJ0YXJnZXQiOiJodHRwczpcL1wvd3d3LmNsb3R1cmUtYXJlcy5mclwvcHJvXC93cC1qc29uXC93cFwvdjJcL3BhZ2VzXC80MCIsImVjaG8iOnRydWUsImV4Y2x1ZGVfZmllbGRzIjpbXSwidXBsb2FkZXIiOiJ3cCIsImZpbHRlcl9tb2RlIjpmYWxzZSwibGFiZWxfcGxhY2VtZW50IjoidG9wIiwiaW5zdHJ1Y3Rpb25fcGxhY2VtZW50IjoibGFiZWwiLCJob25leXBvdCI6dHJ1ZX0=\"><input type=\"hidden\" name=\"af_form_nonce\" value=\"26587a21e4\"><input type=\"text\" name=\"email_for_non_humans\" tabindex=\"-1\" autocomplete=\"off\" \/><input type=\"hidden\" name=\"af_origin_url\" value=\"https:\/\/www.cloture-ares.fr\/pro\/wp-json\/wp\/v2\/pages\/40\" \/><\/div><div class=\"af-field af-field-type-group af-field-informations-personnelles acf-field acf-field-group acf-field-625f01697a8d5\" data-name=\"informations_personnelles\" data-key=\"field_625f01697a8d5\" data-type=\"group\"><div class=\"af-label acf-label\"><label for=\"acf-field_625f01697a8d5\">informations personnelles<\/label><\/div><div class=\"af-input acf-input\"><div class=\"acf-fields -top -border\"><div class=\"acf-field acf-field-text acf-field-6239abdbb5029 is-required\" style=\"width:45%;\" data-name=\"prenom\" data-type=\"text\" data-key=\"field_6239abdbb5029\" data-required=\"1\" data-width=\"45\">\n<div class=\"acf-label\">\n<label for=\"acf-field_625f01697a8d5-field_6239abdbb5029\">Pr\u00e9nom <span class=\"acf-required\">*<\/span><\/label><p class=\"description\">Seules les lettres et le point (.), suivi d'un espace, sont autoris\u00e9s.<\/p><\/div>\n<div class=\"acf-input\">\n<div class=\"acf-input-wrap\"><input type=\"text\" id=\"acf-field_625f01697a8d5-field_6239abdbb5029\" name=\"acf[field_625f01697a8d5][field_6239abdbb5029]\" placeholder=\"Votre pr\u00e9nom\" required=\"required\"\/><\/div><\/div>\n<\/div>\n<div class=\"acf-field acf-field-text acf-field-6239abfab502a is-required\" style=\"width:45%;\" data-name=\"nom\" data-type=\"text\" data-key=\"field_6239abfab502a\" data-required=\"1\" data-width=\"45\">\n<div class=\"acf-label\">\n<label for=\"acf-field_625f01697a8d5-field_6239abfab502a\">Nom <span class=\"acf-required\">*<\/span><\/label><p class=\"description\">Seules les lettres et le point (.), suivi d'un espace, sont autoris\u00e9s.<\/p><\/div>\n<div class=\"acf-input\">\n<div class=\"acf-input-wrap\"><input type=\"text\" id=\"acf-field_625f01697a8d5-field_6239abfab502a\" name=\"acf[field_625f01697a8d5][field_6239abfab502a]\" placeholder=\"Votre nom\" required=\"required\"\/><\/div><\/div>\n<\/div>\n<div class=\"acf-field acf-field-text acf-field-6239ce469fc10 is-required\" style=\"width:45%;\" data-name=\"societe\" data-type=\"text\" data-key=\"field_6239ce469fc10\" data-required=\"1\" data-width=\"45\">\n<div class=\"acf-label\">\n<label for=\"acf-field_625f01697a8d5-field_6239ce469fc10\">Soci\u00e9t\u00e9 <span class=\"acf-required\">*<\/span><\/label><\/div>\n<div class=\"acf-input\">\n<div class=\"acf-input-wrap\"><input type=\"text\" id=\"acf-field_625f01697a8d5-field_6239ce469fc10\" name=\"acf[field_625f01697a8d5][field_6239ce469fc10]\" required=\"required\"\/><\/div><\/div>\n<\/div>\n<div class=\"acf-field acf-field-text acf-field-62399128f93b4 is-required\" style=\"width:45%;\" data-name=\"telephone\" data-type=\"text\" data-key=\"field_62399128f93b4\" data-required=\"1\" data-width=\"45\">\n<div class=\"acf-label\">\n<label for=\"acf-field_625f01697a8d5-field_62399128f93b4\">T\u00e9l\u00e9phone <span class=\"acf-required\">*<\/span><\/label><\/div>\n<div class=\"acf-input\">\n<div class=\"acf-input-wrap\"><input type=\"text\" id=\"acf-field_625f01697a8d5-field_62399128f93b4\" name=\"acf[field_625f01697a8d5][field_62399128f93b4]\" placeholder=\"Votre num\u00e9ro de t\u00e9l\u00e9phone\" required=\"required\"\/><\/div><\/div>\n<\/div>\n<div class=\"acf-field acf-field-email acf-field-62399202a1dc0 is-required\" style=\"width:45%;\" data-name=\"e-mail\" data-type=\"email\" data-key=\"field_62399202a1dc0\" data-required=\"1\" data-width=\"45\">\n<div class=\"acf-label\">\n<label for=\"acf-field_625f01697a8d5-field_62399202a1dc0\">E-mail <span class=\"acf-required\">*<\/span><\/label><\/div>\n<div class=\"acf-input\">\n<div class=\"acf-input-wrap\"><input type=\"email\" id=\"acf-field_625f01697a8d5-field_62399202a1dc0\" name=\"acf[field_625f01697a8d5][field_62399202a1dc0]\" placeholder=\"Votre adresse e-mail\" required=\"required\"\/><\/div><\/div>\n<\/div>\n<div class=\"acf-field acf-field-text acf-field-626b019b939d8 is-required\" style=\"width:45%;\" data-name=\"adresse\" data-type=\"text\" data-key=\"field_626b019b939d8\" data-required=\"1\" data-width=\"45\">\n<div class=\"acf-label\">\n<label for=\"acf-field_625f01697a8d5-field_626b019b939d8\">Adresse <span class=\"acf-required\">*<\/span><\/label><\/div>\n<div class=\"acf-input\">\n<div class=\"acf-input-wrap\"><input type=\"text\" id=\"acf-field_625f01697a8d5-field_626b019b939d8\" name=\"acf[field_625f01697a8d5][field_626b019b939d8]\" placeholder=\"Votre adresse\" required=\"required\"\/><\/div><\/div>\n<\/div>\n<div class=\"acf-field acf-field-text acf-field-626b01b0939d9 is-required\" style=\"width:45%;\" data-name=\"cp_ville\" data-type=\"text\" data-key=\"field_626b01b0939d9\" data-required=\"1\" data-width=\"45\">\n<div class=\"acf-label\">\n<label for=\"acf-field_625f01697a8d5-field_626b01b0939d9\">CP &amp; Ville <span class=\"acf-required\">*<\/span><\/label><\/div>\n<div class=\"acf-input\">\n<div class=\"acf-input-wrap\"><input type=\"text\" id=\"acf-field_625f01697a8d5-field_626b01b0939d9\" name=\"acf[field_625f01697a8d5][field_626b01b0939d9]\" placeholder=\"Votre code postal et ville\" required=\"required\"\/><\/div><\/div>\n<\/div>\n<\/div><\/div><\/div><div class=\"af-field af-field-type-radio af-field-mode-de-livraison acf-field acf-field-radio acf-field-62399839585d1 af-field-required\" data-name=\"mode_de_livraison\" data-key=\"field_62399839585d1\" data-type=\"radio\"><div class=\"af-label acf-label\"><label for=\"acf-field_62399839585d1\">Mode de livraison <span class=\"acf-required\">*<\/span><\/label><\/div><div class=\"af-input acf-input\"><input type=\"hidden\" name=\"acf[field_62399839585d1]\"\/><ul class=\"acf-radio-list acf-bl\" data-allow_null=\"0\" data-other_choice=\"0\"><li><label class=\"selected\"><input type=\"radio\" id=\"acf-field_62399839585d1-collecte\" name=\"acf[field_62399839585d1]\" value=\"collecte\" checked=\"checked\"\/>Retrait en Agence<\/label><\/li><li><label><input type=\"radio\" id=\"acf-field_62399839585d1-livraisontransporteur\" name=\"acf[field_62399839585d1]\" value=\"livraisonTransporteur\"\/>Livraison transporteur<\/label><\/li><\/ul><\/div><\/div><div class=\"af-field af-field-type-radio af-field-type-de-produits acf-field acf-field-radio acf-field-623998ad585d2 af-field-required\" data-name=\"type_de_produits\" data-key=\"field_623998ad585d2\" data-type=\"radio\"><div class=\"af-label acf-label\"><label for=\"acf-field_623998ad585d2\">Type de produits <span class=\"acf-required\">*<\/span><\/label><\/div><div class=\"af-input acf-input\"><input type=\"hidden\" name=\"acf[field_623998ad585d2]\"\/><ul class=\"acf-radio-list acf-hl\" data-allow_null=\"0\" data-other_choice=\"0\"><li><label class=\"selected\"><input type=\"radio\" id=\"acf-field_623998ad585d2-cloture-rigide\" name=\"acf[field_623998ad585d2]\" value=\"Cl\u00f4ture rigide\" checked=\"checked\"\/>Cl\u00f4ture rigide<\/label><\/li><li><label><input type=\"radio\" id=\"acf-field_623998ad585d2-grillage-souple\" name=\"acf[field_623998ad585d2]\" value=\"Grillage souple\"\/>Grillage souple<\/label><\/li><li><label><input type=\"radio\" id=\"acf-field_623998ad585d2-cloture-agricole\" name=\"acf[field_623998ad585d2]\" value=\"Cl\u00f4ture agricole\"\/>Cl\u00f4ture agricole<\/label><\/li><li><label><input type=\"radio\" id=\"acf-field_623998ad585d2-cloture-barreaudee\" name=\"acf[field_623998ad585d2]\" value=\"Cl\u00f4ture barreaud\u00e9e\"\/>Cl\u00f4ture barreaud\u00e9e<\/label><\/li><li><label><input type=\"radio\" id=\"acf-field_623998ad585d2-gamme-habitat-portails-et-portillons\" name=\"acf[field_623998ad585d2]\" value=\"Gamme Habitat - portails et portillons\"\/>Gamme Habitat - portails et portillons<\/label><\/li><li><label><input type=\"radio\" id=\"acf-field_623998ad585d2-gamme-jardin-portails-et-portillons\" name=\"acf[field_623998ad585d2]\" value=\"Gamme Jardin - portails et portillons\"\/>Gamme Jardin - portails et portillons<\/label><\/li><\/ul><\/div><\/div><div class=\"af-field af-field-type-group af-field-dimensions-group acf-field acf-field-group acf-field-62604ecbd5f93 af-field-required\" data-name=\"dimensions_group\" data-key=\"field_62604ecbd5f93\" data-type=\"group\"><div class=\"af-label acf-label\"><label for=\"acf-field_62604ecbd5f93\">Dimensions <span class=\"acf-required\">*<\/span><\/label><\/div><div class=\"af-input acf-input\"><div class=\"acf-fields -top -border\"><div class=\"acf-field acf-field-message acf-field-625fec7e34068\" style=\"width:48%;\" data-type=\"message\" data-key=\"field_625fec7e34068\" data-width=\"48\">\n<div class=\"acf-label\">\n<label for=\"acf-field_62604ecbd5f93-field_625fec7e34068\">infos<\/label><\/div>\n<div class=\"acf-input\">\n<p>Dimensions *<\/p>\n<\/div>\n<\/div>\n<div class=\"acf-field acf-field-group acf-field-625fe90ceb953\" data-name=\"dimensions\" data-type=\"group\" data-key=\"field_625fe90ceb953\">\n<div class=\"acf-label\">\n<label for=\"acf-field_62604ecbd5f93-field_625fe90ceb953\">Dimensions<\/label><\/div>\n<div class=\"acf-input\">\n<div class=\"acf-fields -top -border\"><div class=\"acf-field acf-field-number acf-field-6239c6e4e98bd\" data-name=\"longueur_cloture\" data-type=\"number\" data-key=\"field_6239c6e4e98bd\">\n<div class=\"acf-label\">\n<label for=\"acf-field_62604ecbd5f93-field_625fe90ceb953-field_6239c6e4e98bd\">Longueur<\/label><\/div>\n<div class=\"acf-input\">\n<div class=\"acf-input-append\">m<\/div><div class=\"acf-input-wrap\"><input type=\"number\" id=\"acf-field_62604ecbd5f93-field_625fe90ceb953-field_6239c6e4e98bd\" class=\"acf-is-appended\" name=\"acf[field_62604ecbd5f93][field_625fe90ceb953][field_6239c6e4e98bd]\" step=\"5\"\/><\/div><\/div>\n<\/div>\n<div class=\"acf-field acf-field-number acf-field-6239ca13e98be\" data-name=\"hauteur_cloture\" data-type=\"number\" data-key=\"field_6239ca13e98be\">\n<div class=\"acf-label\">\n<label for=\"acf-field_62604ecbd5f93-field_625fe90ceb953-field_6239ca13e98be\">Hauteur souhait\u00e9e<\/label><\/div>\n<div class=\"acf-input\">\n<div class=\"acf-input-append\">cm<\/div><div class=\"acf-input-wrap\"><input type=\"number\" id=\"acf-field_62604ecbd5f93-field_625fe90ceb953-field_6239ca13e98be\" class=\"acf-is-appended\" name=\"acf[field_62604ecbd5f93][field_625fe90ceb953][field_6239ca13e98be]\" step=\"5\"\/><\/div><\/div>\n<\/div>\n<\/div><\/div>\n<\/div>\n<\/div><\/div><\/div><div class=\"af-field af-field-type-radio af-field-coloris-cloture acf-field acf-field-radio acf-field-6239ca6fe98bf af-field-required\" data-width=\"45\" style=\"width: 45%;\" data-name=\"coloris_cloture\" data-key=\"field_6239ca6fe98bf\" data-type=\"radio\"><div class=\"af-label acf-label\"><label for=\"acf-field_6239ca6fe98bf\">Coloris <span class=\"acf-required\">*<\/span><\/label><\/div><div class=\"af-input acf-input\"><input type=\"hidden\" name=\"acf[field_6239ca6fe98bf]\"\/><ul class=\"acf-radio-list acf-bl\" data-allow_null=\"0\" data-other_choice=\"0\"><li><label class=\"selected\"><input type=\"radio\" id=\"acf-field_6239ca6fe98bf-vert\" name=\"acf[field_6239ca6fe98bf]\" value=\"vert\" checked=\"checked\"\/>Vert<\/label><\/li><li><label><input type=\"radio\" id=\"acf-field_6239ca6fe98bf-gris\" name=\"acf[field_6239ca6fe98bf]\" value=\"gris\"\/>Gris<\/label><\/li><li><label><input type=\"radio\" id=\"acf-field_6239ca6fe98bf-noir\" name=\"acf[field_6239ca6fe98bf]\" value=\"noir\"\/>Noir<\/label><\/li><li><label><input type=\"radio\" id=\"acf-field_6239ca6fe98bf-gris-clair\" name=\"acf[field_6239ca6fe98bf]\" value=\"gris-clair\"\/>Gris clair<\/label><\/li><li><label><input type=\"radio\" id=\"acf-field_6239ca6fe98bf-blanc\" name=\"acf[field_6239ca6fe98bf]\" value=\"blanc\"\/>Blanc<\/label><\/li><li><label><input type=\"radio\" id=\"acf-field_6239ca6fe98bf-rouge-fonce\" name=\"acf[field_6239ca6fe98bf]\" value=\"rouge-fonce\"\/>Rouge fonc\u00e9<\/label><\/li><li><label><input type=\"radio\" id=\"acf-field_6239ca6fe98bf-rouge-clair\" name=\"acf[field_6239ca6fe98bf]\" value=\"rouge-clair\"\/>Rouge clair<\/label><\/li><li><label><input type=\"radio\" id=\"acf-field_6239ca6fe98bf-bleu\" name=\"acf[field_6239ca6fe98bf]\" value=\"bleu\"\/>Bleu<\/label><\/li><\/ul><\/div><\/div><div class=\"af-field af-field-type-file af-field-ajouter-une-piece-jointe acf-field acf-field-file acf-field-6239d3df3da35\" data-width=\"45\" style=\"width: 45%;\" data-name=\"ajouter_une_piece_jointe\" data-key=\"field_6239d3df3da35\" data-type=\"file\"><div class=\"af-label acf-label\"><label for=\"acf-field_6239d3df3da35\">Ajouter une pi\u00e8ce jointe<\/label><\/div><div class=\"af-input acf-input\"><div class=\"acf-file-uploader\" data-library=\"all\" data-mime_types=\".jpeg, .jpg, .png, .pdf\" data-uploader=\"basic\">\n\t\t\t<input type=\"hidden\" name=\"acf[field_6239d3df3da35]\" value=\"\" data-name=\"id\"\/>\t<div class=\"show-if-value file-wrap\">\n\t\t<div class=\"file-icon\">\n\t\t\t<img decoding=\"async\" data-name=\"icon\" src=\"\" alt=\"\"\/>\n\t\t<\/div>\n\t\t<div class=\"file-info\">\n\t\t\t<p>\n\t\t\t\t<strong data-name=\"title\"><\/strong>\n\t\t\t<\/p>\n\t\t\t<p>\n\t\t\t\t<strong>Nom du fichier:<\/strong>\n\t\t\t\t<a data-name=\"filename\" href=\"\" target=\"_blank\"><\/a>\n\t\t\t<\/p>\n\t\t\t<p>\n\t\t\t\t<strong>Taille du fichier:<\/strong>\n\t\t\t\t<span data-name=\"filesize\"><\/span>\n\t\t\t<\/p>\n\t\t<\/div>\n\t\t<div class=\"acf-actions -hover\">\n\t\t\t\t\t\t<a class=\"acf-icon -cancel dark\" data-name=\"remove\" href=\"#\" title=\"Retirer\"><\/a>\n\t\t<\/div>\n\t<\/div>\n\t<div class=\"hide-if-value\">\n\t\t\t\t\t\t\n\t\t\t\t\t\t\t\n\t\t\t<label class=\"acf-basic-uploader\">\n\t\t\t\t<input type=\"file\" name=\"acf[field_6239d3df3da35]\" id=\"acf-field_6239d3df3da35\" key=\"field_6239d3df3da35\" \/><input type=\"hidden\" name=\"acf[field_6239d3df3da35_file_nonce]\" value=\"3de6ccc809\" \/>\t\t\t<\/label>\n\t\t\t\n\t\t\t\t\n\t<\/div>\n<\/div>\n\t\t\t<\/div><\/div><div class=\"af-field af-field-type-textarea af-field-laisser-un-message acf-field acf-field-textarea acf-field-6239d600fb846\" data-width=\"100\" style=\"width: 100%;\" data-name=\"laisser_un_message\" data-key=\"field_6239d600fb846\" data-type=\"textarea\"><div class=\"af-label acf-label\"><label for=\"acf-field_6239d600fb846\">Laissez-nous un message<\/label><\/div><div class=\"af-input acf-input\"><textarea id=\"acf-field_6239d600fb846\" name=\"acf[field_6239d600fb846]\" placeholder=\"Vous pouvez laisser un message \u00e0 l&#039;attention de notre \u00e9quipe commerciale.\" rows=\"4\" maxlength=\"500\"><\/textarea><\/div><\/div><div class=\"af-field af-field-type-select af-field-source acf-field acf-field-select acf-field-6239d63dfb847 af-field-required\" data-width=\"100\" style=\"width: 100%;\" data-name=\"source\" data-key=\"field_6239d63dfb847\" data-type=\"select\"><div class=\"af-label acf-label\"><label for=\"acf-field_6239d63dfb847\">Comment nous avez-vous connu ? <span class=\"acf-required\">*<\/span><\/label><\/div><div class=\"af-input acf-input\"><select id=\"acf-field_6239d63dfb847\" class=\"\" name=\"acf[field_6239d63dfb847]\" data-ui=\"0\" data-ajax=\"0\" data-multiple=\"0\" data-placeholder=\"S\u00e9lectionner\" data-allow_null=\"0\"><option value=\"R\u00e9seaux sociaux\">R\u00e9seaux sociaux<\/option><option value=\"Site internet\">Site internet<\/option><option value=\"Moteur de recherche\">Moteur de recherche<\/option><option value=\"Presse \u00e9crite\">Presse \u00e9crite<\/option><option value=\"Entourage\">Entourage<\/option><\/select><\/div><\/div><div class=\"af-field af-field-type-checkbox af-field-rgpd acf-field acf-field-checkbox acf-field-6239d942f172b af-field-required\" data-width=\"100\" style=\"width: 100%;\" data-name=\"rgpd\" data-key=\"field_6239d942f172b\" data-type=\"checkbox\"><div class=\"af-label acf-label\"><label for=\"acf-field_6239d942f172b\">Mes donn\u00e9es sont prot\u00e9g\u00e9es par la r\u00e9glementation europ\u00e9enne RGPD <span class=\"acf-required\">*<\/span><\/label><\/div><div class=\"af-input acf-input\"><input type=\"hidden\" name=\"acf[field_6239d942f172b]\"\/><ul class=\"acf-checkbox-list acf-bl\">\n<li><label><input type=\"checkbox\" id=\"acf-field_6239d942f172b-En-cochant-cette-case-et-en-soumettant-ce-formulaire,-j\u2019accepte-que-mes-donn\u00e9es-personnelles-soient-conserv\u00e9es.-Je-reconnais-avoir-pris-connaissance-des-Conditions-G\u00e9n\u00e9rales-d&#039;Utilisation-du-site,-des-Conditions-g\u00e9n\u00e9rales-de-vente-ainsi-que-sa-Politique-de-Confidentialit\u00e9-et-je-les-accepte.\" name=\"acf[field_6239d942f172b][]\" value=\"En cochant cette case et en soumettant ce formulaire, j\u2019accepte que mes donn\u00e9es personnelles soient conserv\u00e9es. Je reconnais avoir pris connaissance des Conditions G\u00e9n\u00e9rales d&#039;Utilisation du site, des Conditions g\u00e9n\u00e9rales de vente ainsi que sa Politique de Confidentialit\u00e9 et je les accepte.\"\/> En cochant cette case et en soumettant ce formulaire, j\u2019accepte que mes donn\u00e9es personnelles soient conserv\u00e9es. Je reconnais avoir pris connaissance des Conditions G\u00e9n\u00e9rales d'Utilisation du site, des Conditions g\u00e9n\u00e9rales de vente ainsi que sa Politique de Confidentialit\u00e9 et je les accepte.<\/label><\/li>\n<\/ul>\n<\/div><\/div><div class=\"af-submit acf-form-submit\"><button type=\"submit\" class=\"acf-button af-submit-button\">Envoyer<\/button><span class=\"acf-spinner af-spinner\"><\/span><\/div><\/div><\/form>\n<\/div><\/div>\n","protected":false},"excerpt":{"rendered":"","protected":false},"author":7,"featured_media":0,"parent":0,"menu_order":0,"comment_status":"closed","ping_status":"closed","template":"","meta":{"footnotes":""},"class_list":["post-40","page","type-page","status-publish","hentry"],"acf":[],"_links":{"self":[{"href":"https:\/\/www.cloture-ares.fr\/pro\/wp-json\/wp\/v2\/pages\/40","targetHints":{"allow":["GET"]}}],"collection":[{"href":"https:\/\/www.cloture-ares.fr\/pro\/wp-json\/wp\/v2\/pages"}],"about":[{"href":"https:\/\/www.cloture-ares.fr\/pro\/wp-json\/wp\/v2\/types\/page"}],"author":[{"embeddable":true,"href":"https:\/\/www.cloture-ares.fr\/pro\/wp-json\/wp\/v2\/users\/7"}],"replies":[{"embeddable":true,"href":"https:\/\/www.cloture-ares.fr\/pro\/wp-json\/wp\/v2\/comments?post=40"}],"version-history":[{"count":1,"href":"https:\/\/www.cloture-ares.fr\/pro\/wp-json\/wp\/v2\/pages\/40\/revisions"}],"predecessor-version":[{"id":909,"href":"https:\/\/www.cloture-ares.fr\/pro\/wp-json\/wp\/v2\/pages\/40\/revisions\/909"}],"wp:attachment":[{"href":"https:\/\/www.cloture-ares.fr\/pro\/wp-json\/wp\/v2\/media?parent=40"}],"curies":[{"name":"wp","href":"https:\/\/api.w.org\/{rel}","templated":true}]}}